 = w**3 - w**2 - 45*w + 9. Give t(-7).
-68
Let w(a) = -a**3 - 9*a**2 - 17*a - 58. Calculate w(-7).
-37
Let t(d) = 2*d**2 - 147*d + 1429. Give t(62).
3
Let d(f) = 431*f - 12230. Calculate d(28).
-162
Let d(x) = x**3 + 4*x**2 + 157*x + 1028. Calculate d(-6).
14
Let n(d) = -d**3 + 23*d**2 - 132*d + 27. What is n(11)?
27
Let q(i) = -44*i**3 + i**2 + 14*i + 12. What is q(-1)?
43
Let i(y) = -48*y + 343. Give i(7).
7
Let o(w) = 23*w**2 + 594*w - 30. Give o(-26).
74
Let d(i) = i**2 - 80*i + 309. Give d(4).
5
Let v(n) = 46*n - 79. Calculate v(5).
151
Let u(g) = g + 3. What is u(14)?
17
Let f(g) = -g**2 + 95*g - 2000. Determine f(65).
-50
Let f(u) = 2*u**2 - 22*u + 28. What is f(10)?
8
Let l(k) = 2*k**3 - 67*k**2 + 208*k + 55. What is l(30)?
-5
Let t(s) = 5*s**2 + 75*s + 3. Calculate t(-15).
3
Let c(h) = 1477*h + 4390. What is c(-3)?
-41
Let y(c) = 3*c**3 - 44*c**2 - 13*c + 14. Calculate y(15).
44
Let i(h) = -h**3 - 13*h**2 - 31*h - 160. Determine i(-10).
-150
Let l(b) = -281*b - 55374. Calculate l(-197).
-17
Let i(f) = f**3 - 11*f**2 - 35*f - 105. Calculate i(14).
-7
Let m(x) = 40*x + 537. Give m(-11).
97
Let s(n) = -4*n**2 - 44*n + 8. Calculate s(-12).
-40
Let w(p) = 8*p**2 - 85*p - 32. Calculate w(10).
-82
Let d(o) = 102*o + 7751. What is d(-77)?
-103
Let o(t) = -2*t**3 + 124*t**2 + 122*t + 147. Give o(63).
-105
Let p(m) = -25*m + 406. Give p(-2).
456
Let s(l) = 18*l + 291. Determine s(25).
741
Let i(c) = 20*c + 326. Calculate i(-18).
-34
Let j(g) = 45*g + 212. What is j(-5)?
-13
Let l(w) = 5*w**2 + 436*w + 3244. Calculate l(-79).
5
Let x(k) = k**2 - 5*k - 161. Give x(17).
43
Let n(y) = -y**3 - 20*y**2 - 24*y - 84. Calculate n(-19).
11
Let p(v) = -656*v + 4596. Calculate p(7).
4
Let b(c) = -25*c + 194. Determine b(8).
-6
Let s(w) = -2*w**2 + 62*w + 83. Determine s(34).
-121
Let w(q) = -q**3 - 58*q**2 - 811*q + 806. What is w(-28)?
-6
Let r(a) = 668*a - 12684. Give r(19).
8
Let r(b) = -3*b**2 - 10*b + 55. What is r(-6)?
7
Let y(b) = -b**2 + 198*b - 1876. Determine y(10).
4
Let y(o) = 2*o**2 - 18*o - 39. Calculate y(12).
33
Let s(b) = b**3 - 60*b**2 + 779*b - 5. Determine s(41).
-5
Let t(x) = 261*x - 7051. Calculate t(27).
-4
Let d(n) = n**2 - 5*n + 11. What is d(5)?
11
Let g(t) = -2*t**3 - 9*t**2 + 30*t + 12. Determine g(4).
-140
Let d(y) = y**2 + 145*y - 2129. Calculate d(13).
-75
Let i(x) = -x**3 - 8*x**2 - 47*x - 123. Determine i(-7).
157
Let k(c) = -15*c + 242. Calculate k(23).
-103
Let p(n) = -298*n - 36653. What is p(-123)?
1
Let d(i) = -185*i - 12568. Calculate d(-68).
12
Let j(z) = 44*z - 146. Give j(4).
30
Let w(n) = n**2 - 2*n + 79. Determine w(-10).
199
Let s(m) = -50*m + 1839. Determine s(23).
689
Let k(r) = -22*r + 876. Give k(37).
62
Let r(j) = -15*j + 281. Calculate r(16).
41
Let y(d) = -650*d - 18190. What is y(-28)?
10
Let l(d) = 5*d**2 + 180*d - 44. Give l(-39).
541
Let g(o) = 2*o**3 - 53*o**2 + 120*o + 18. Determine g(24).
18
Let o(b) = -b**3 - 26*b**2 + 120*b - 92. What is o(-30)?
-92
Let j(g) = -208*g - 29. What is j(-1)?
179
Let i(c) = -6*c**3 - 47*c**2 + 11*c + 9. Give i(-8).
-15
Let l(f) = -f**2 - 79*f + 1. Give l(-79).
1
Let q(y) = y**3 + 5*y**2 - 377*y + 55. Give q(17).
4
Let i(b) = -128*b - 195. What is i(-4)?
317
Let k(v) = -175*v - 5084. Determine k(-29).
-9
Let p(a) = 43*a**3 + 31*a**2 - 25*a + 3. Give p(1).
52
Let m(z) = 3*z**2 + 39*z + 118. Calculate m(-8).
-2
Let v(r) = 5*r**2 - 9*r + 139. What is v(-7)?
447
Let m(l) = -8*l + 63. Determine m(-7).
119
Let k(o) = 19*o**3 + 2*o**2 - 8*o + 6. Determine k(1).
19
Let q(x) = -43*x + 2683. Determine q(55).
318
Let s(f) = -10*f**3 - 443*f**2 - 129*f + 145. Give s(-44).
13
Let g(u) = -2*u**3 - 27*u**2 + 181*u + 2537. Calculate g(-13).
15
Let l(t) = -7*t**2 + 3*t + 10. Give l(4).
-90
Let f(i) = -124*i - 1285. Determine f(-11).
79
Let j(y) = y**3 - 20*y**2 + 56*y - 68. Give j(17).
17
Let s(g) = -g**3 + 5*g**2 + 26*g - 32. What is s(8)?
-16
Let v(p) = 3*p**3 - 77*p**2 + 20*p + 729. Calculate v(25).
-21
Let a(g) = -17*g + 367. Determine a(22).
-7
Let t(l) = 2*l**3 + 75*l**2 - 119*l - 48. Determine t(-39).
30
Let o(i) = -750*i + 6751. Give o(9).
1
Let i(l) = 71*l**3 - 12*l**2 + 2*l. Give i(1).
61
Let v(j) = 196*j - 1197. What is v(6)?
-21
Let g(p) = -205*p - 1277. Calculate g(-5).
-252
Let o(l) = -372*l - 69196. What is o(-186)?
-4
Let s(n) = -57*n - 162. Determine s(-4).
66
Let p(h) = 43*h - 108. Calculate p(6).
150
Let m(c) = -3*c**3 + 2*c**2 - 1. Give m(1).
-2
Let t(a) = 2*a**3 + 15*a**2 + 30*a. Give t(-3).
-9
Let z(w) = -115*w + 22431. Determine z(195).
6
Let t(a) = -a**3 - 46*a**2 - 529*a - 72. What is t(-21)?
12
Let d(k) = 122*k - 858. What is d(7)?
-4
Let p(n) = -263*n + 2702. What is p(11)?
-191
Let i(s) = -1988*s - 9907. Calculate i(-5).
33
Let a(b) = -57*b - 5698. Calculate a(-100).
2
Let q(u) = 3*u**2 - 7*u - 14. What is q(-4)?
62
Let l(t) = -9*t - 1024. What is l(-118)?
38
Let f(m) = -12*m**2 - 890*m - 257. What is f(-74)?
-109
Let s(o) = -o**3 + 17*o**2 + 3*o - 71. Determine s(17).
-20
Let l(t) = t**2 - 63*t + 866. Give l(49).
180
Let k(h) = 790*h + 5504. What is k(-7)?
-26
Let g(i) = i**3 + 137*i**2 + 4539*i + 248. Calculate g(-81).
5
Let i(m) = -m**3 + 25*m**2 - 101*m + 745. What is i(22)?
-25
Let j(x) = -x**2 - 214*x - 2200. What is j(-11)?
33
Let h(p) = 3442*p + 44748. What is h(-13)?
2
Let i(g) = -6*g**3 - 16*g**2 + g - 34. Give i(-4).
90
Let l(u) = 2802*u - 8398. Give l(3).
8
Let j(b) = -b**2 + 54*b - 690. Calculate j(20).
-10
Let k(b) = -55*b + 1388. What is k(25)?
13
Let o(b) = -42*b - 4555. What is o(-107)?
-61
Let a(x) = -26*x - 1063. Calculate a(-41).
3
Let w(j) = 25*j - 42. Calculate w(-2).
-92
Let k(a) = a**3 + 15*a**2 + 60*a + 428. Calculate k(-13).
-14
Let z(u) = 96*u - 8841. Give z(92).
-9
Let o(i) = 1437*i + 24436. Calculate o(-17).
7
Let d(h) = h**3 - 42*h**2 - 90*h + 94. What is d(44)?
6
Let n(i) = 29*i - 76. What is n(3)?
11
Let b(n) = 30*n + 1269. Determine b(-42).
9
Let c(n) = -2*n - 13. Determine c(-5).
-3
Let n(f) = -f**3 - 19*f**2 - 87*f - 18. Give n(-12).
18
Let t(n) = 33*n - 1444. Calculate t(43).
-25
Let b(q) = 300*q + 2382. Determine b(-8).
-18
Let o(q) = -3*q**3 + 9*q**2 + 14*q - 12. Determine o(4).
-4
Let l(f) = -f**3 - 22*f**2 + 106*f + 74. What is l(-26)?
22
Let y(o) = 135*o**3 + 4*o**2 - 9*o + 5. What is y(1)?
135
Let b(n) = -n**3 + 7*n**2 + n + 72. Determine b(8).
16
Let m(y) = -16*y**2 + 573*y + 93. Determine m(36).
-15
Let s(l) = -74*l + 91. Give s(2).
-57
Let m(g) = g**3 + 31*g**2 + 236*g + 28. What is m(-18)?
-8
Let x(o) = -527*o - 7787. Determine x(-15).
118
Let h(r) = 3*r**2 + 12*r - 48. Determine h(-6).
-12
Let q(i) = i**3 - 10*i**2 - 59*i + 27. Give q(14).
-15
Let d(v) = 72*v**3 - 290*v**2 - 28*v + 143. Determine d(4).
-1
Let n(k) = -k**3 - 55*k**2 + 171*k - 163. Calculate n(-58).
11
Let i(c) = c**3 + 9*c**2 - 5*c - 129. What is i(-6)?
9
Let m(u) = 25*u - 109. What is m(4)?
-9
Let u(i) = 9*i - 25. Calculate u(-18).
-187
Let g(i) = i**2 - 1203*i + 7179. Calculate g(6).
-3
Let f(t) = -t**3 + 13*t**2 + 98*t - 75. Calculate f(18).
69
Let z(g) = -2*g - 31. What is z(-20)?
9
Let t(p) = -4*p**2 + 48*p - 108. Calculate t(3).
0
Let i(y) = y**3 - 47*y**2 + 219*y - 420. Determine i(42).
-42
Let f(a) = 281*a + 1684. What is f(-6)?
-2
Let b(p) = 25*p**3 - 12*p**2 + 25*p + 3. What is b(2)?
205
Let v(b) = 44*b**3 - 16*b**2 - 11*b + 4. Give v(-1).
-45
Let p(d) = 54*d**2 - 6*d + 2. Give p(-2).
230
Let l(g) = -70*g - 303. What is l(-4)?
-23
Let h(u) = -92*u - 2951. Calculate h(-32).
-7
Let b(p) = p**3 + 21*p**2 + 34*p - 35. Calculate b(-19).
41
Let r(k) = -k**3 - 7*k**2 + 197*k - 7. Calculate r(-18).
11
Let a(y) = -293*y + 18474. Give a(63).
15
Let q(c) = 6*c**3 + 61*c**2 + 9*c + 9. Determine q(-10).
19
Let x(p) = p**2 - 249*p + 5810. Determine x(26).
12
Let u(h) = -h**3 - 7*h**2 + 55*h + 254. Calculate u(-4).
-14
Let i(s) = s**3 - 18*s**2 - 146*s + 42. Give i(24).
-6
Let i(t) = -270*t - 14809. Determine i(-55).
41
Let v(n) = -277*n - 230. Calculate v(-2).
324
Let c(l) = -l**2 + 20*l + 65. What is c(33)?
-364
Let h(r) = 6*r**2 + r - 1. Give h(4).
99
Let p(w) = w**3 - 2*w**2 - 231*w + 108. Calculate p(16).
-4
Let y(k) = -k**3 + 27*k**2 - 48*k - 45. Give y(25).
5
Let h(j) = j**3 - 38*j**2 + 74*j - 12. Determine h(36).
60
Let g(i) = 4*i**3 - 12